t is the ten thousands digit of 15866138?
6
What is the ten thousands digit of 2463114?
6
What is the units digit of 160936?
6
What is the units digit of 642828?
8
What is the hundred thousands digit of 19957413?
9
What is the hundreds digit of 4037364?
3
What is the tens digit of 283679?
7
What is the hundreds digit of 145166?
1
What is the ten thousands digit of 20923717?
2
What is the millions digit of 4444032?
4
What is the units digit of 530973?
3
What is the tens digit of 41128?
2
What is the millions digit of 23118995?
3
What is the hundred thousands digit of 23375550?
3
What is the tens digit of 1437646?
4
What is the hundreds digit of 750809?
8
What is the units digit of 898123?
3
What is the hundreds digit of 837493?
4
What is the ten thousands digit of 3343303?
4
What is the millions digit of 1434670?
1
What is the ten thousands digit of 9758774?
5
What is the ten thousands digit of 7337570?
3
What is the thousands digit of 434808?
4
What is the thousands digit of 618311?
8
What is the units digit of 4469602?
2
What is the units digit of 62245?
5
What is the hundred thousands digit of 719128?
7
What is the hundreds digit of 118654?
6
What is the hundreds digit of 163197?
1
What is the hundreds digit of 9018807?
8
What is the units digit of 2737491?
1
What is the tens digit of 15322582?
8
What is the hundred thousands digit of 332244?
3
What is the hundred thousands digit of 462223?
4
What is the units digit of 5670782?
2
What is the tens digit of 878228?
2
What is the hundred thousands digit of 4157979?
1
What is the hundreds digit of 4851729?
7
What is the tens digit of 1024128?
2
What is the thousands digit of 1229810?
9
What is the ten thousands digit of 534452?
3
What is the ten thousands digit of 609296?
0
What is the millions digit of 4825938?
4
What is the tens digit of 911463?
6
What is the hundreds digit of 2518155?
1
What is the tens digit of 603077?
7
What is the hundreds digit of 11617995?
9
What is the hundreds digit of 95203?
2
What is the units digit of 11210762?
2
What is the hundreds digit of 488087?
0
What is the units digit of 8054039?
9
What is the hundreds digit of 195013?
0
What is the millions digit of 3938719?
3
What is the tens digit of 6839?
3
What is the hundred thousands digit of 235814?
2
What is the thousands digit of 3096338?
6
What is the thousands digit of 2460926?
0
What is the hundred thousands digit of 12544288?
5
What is the tens digit of 3156821?
2
What is the hundreds digit of 5229944?
9
What is the units digit of 141506?
6
What is the hundred thousands digit of 4615884?
6
What is the thousands digit of 269966?
9
What is the units digit of 474059?
9
What is the thousands digit of 566683?
6
What is the hundred thousands digit of 14376608?
3
What is the thousands digit of 224094?
4
What is the thousands digit of 841038?
1
What is the units digit of 25629550?
0
What is the thousands digit of 27318773?
8
What is the ten thousands digit of 523803?
2
What is the tens digit of 1401516?
1
What is the hundreds digit of 3026777?
7
What is the thousands digit of 1606606?
6
What is the hundreds digit of 2253691?
6
What is the units digit of 20655955?
5
What is the thousands digit of 273499?
3
What is the hundreds digit of 109219?
2
What is the ten thousands digit of 5287012?
8
What is the units digit of 247259?
9
What is the hundred thousands digit of 2836171?
8
What is the tens digit of 437736?
3
What is the hundreds digit of 5893891?
8
What is the hundreds digit of 6601933?
9
What is the ten thousands digit of 541131?
4
What is the hundred thousands digit of 29454917?
4
What is the hundred thousands digit of 1085596?
0
What is the units digit of 105504?
4
What is the millions digit of 14765124?
4
What is the millions digit of 3217777?
3
What is the units digit of 26190?
0
What is the tens digit of 11713462?
6
What is the hundred thousands digit of 151108?
1
What is the units digit of 111042?
2
What is the millions digit of 1373171?
1
What is the units digit of 287490?
0
What is the thousands digit of 161313?
1
What is the millions digit of 5502720?
5
What is the thousands digit of 18837044?
7
What is the thousands digit of 564809?
4
What is the thousands digit of 6012720?
2
What is the thousands digit of 326176?
6
What is the units digit of 497652?
2
What is the units digit of 8595619?
9
What is the hundred thousands digit of 28006899?
0
What is the thousands digit of 4033127?
3
What is the thousands digit of 118380?
8
What is the units digit of 2581311?
1
What is the hundred thousands digit of 372856?
3
What is the thousands digit of 17215?
7
What is the hundred thousands digit of 289643?
2
What is the ten thousands digit of 5315554?
1
What is the hundred thousands digit of 15998180?
9
What is the tens digit of 87007?
0
What is the ten thousands digit of 2636955?
3
What is the ten thousands digit of 5528930?
2
What is the ten thousands digit of 284417?
8
What is the hundreds digit of 555865?
8
What is the thousands digit of 139331?
9
What is the hundred thousands digit of 9154433?
1
What is the hundreds digit of 200021?
0
What is the millions digit of 31359812?
1
What is the tens digit of 351395?
9
What is the hundred thousands digit of 1485610?
4
What is the hundreds digit of 323431?
4
What is the tens digit of 28669750?
5
What is the hundred thousands digit of 1125245?
1
What is the hundred thousands digit of 277260?
2
What is the hundred thousands digit of 16015435?
0
What is the tens digit of 9610129?
2
What is the units digit of 206102?
2
What is the units digit of 6908227?
7
What is the units digit of 194369?
9
What is the tens digit of 959304?
0
What is the thousands digit of 77851?
7
What is the hundred thousands digit of 229728?
2
What is the hundreds digit of 580812?
8
What is the ten thousands digit of 410835?
1
What is the ten thousands digit of 244165?
4
What is the tens digit of 1131255?
5
What is the ten thousands digit of 248032?
4
What is the units digit of 84363?
3
What is the thousands digit of 179165?
9
What is the millions digit of 7022099?
7
What is the hundreds digit of 2413384?
3
What is the hundred thousands digit of 185045?
1
What is the ten thousands digit of 14481447?
8
What is the tens digit of 16466?
6
What is the units digit of 6841421?
1
What is the units digit of 129623?
3
What is the tens digit of 28396?
9
What is the units digit of 3210719?
9
What is the units digit of 303103?
3
What is the ten thousands digit of 42736?
4
What is the thousands digit of 29409266?
9
What is the hundred thousands digit of 2712121?
7
What is the ten thousands digit of 175275?
7
What is the thousands digit of 259914?
9
What is the hundreds digit of 325026?
0
What is the units digit of 5613439?
9
What is the thousands digit of 211651?
1
What is the ten thousands digit of 140981?
4
What is the hundreds digit of 10674082?
0
What is the hundred thousands digit of 2544451?
5
What is the hundreds digit of 949853?
8
What is the hundred thousands digit of 1283641?
2
What is the ten thousands digit of 3904388?
0
What is the thousands digit of 8144994?
4
What is the hundreds digit of 144163?
1
What is the units digit of 701040?
0
What is the units digit of 107977?
7
What is the millions digit of 7552458?
7
What is the thousands digit of 18491477?
1
What is the hundreds digit of 35506?
5
What is the units digit of 41432?
2
What is the thousands digit of 97184?
7
What is the hundreds digit of 241281?
2
What is the units digit of 282717?
7
What is the thousands digit of 31884?
1
What is the units digit of 197040?
0
What is the hundreds digit of 158168?
1
What is the millions digit of 4219335?
4
What is the units digit of 800436?
6
What is the units digit of 27221967?
7
What is the hundred thousands digit of 5577283?
5
What is the ten thousands digit of 3605651?
0
What is the ten thousands digit of 26011045?
1
What is the hundred thousands digit of 2443586?
4
What is the tens digit of 1404597?
9
What is the hundreds digit of 1673639?
6
What is the ten thousands digit of 587437?
8
What is the hundreds digit of 2040025?
0
What is the millions digit of 7163685?
7
What is the units digit of 12820566?
6
What is the thousands digit of 937502?
7
What is the millions digit of 1535261?
1
What is the tens dig